{"id":235,"date":"2023-12-31T14:49:36","date_gmt":"2023-12-31T19:49:36","guid":{"rendered":"https:\/\/dasyogainstructor.com\/?page_id=235"},"modified":"2026-04-17T06:30:01","modified_gmt":"2026-04-17T11:30:01","slug":"aula-virtual","status":"publish","type":"page","link":"https:\/\/dasyogainstructor.com\/index.php\/aula-virtual\/","title":{"rendered":"Aula Virtual"},"content":{"rendered":"\t\t<div data-elementor-type=\"wp-page\" data-elementor-id=\"235\" class=\"elementor elementor-235\">\n\t\t\t\t<div class=\"dce-visibility-event elementor-element elementor-element-d32a68f e-flex e-con-boxed e-con e-parent\" data-id=\"d32a68f\" data-element_type=\"container\" data-e-type=\"container\" data-settings=\"{&quot;enabled_visibility&quot;:&quot;yes&quot;,&quot;dce_visibility_selected&quot;:&quot;yes&quot;}\">\n\t\t\t\t\t<div class=\"e-con-inner\">\n\t\t<div class=\"elementor-element elementor-element-d247718 e-con-full e-flex e-con e-child\" data-id=\"d247718\" data-element_type=\"container\" data-e-type=\"container\" data-settings=\"{&quot;background_background&quot;:&quot;classic&quot;}\">\n\t\t\t\t<\/div>\n\t\t<div class=\"elementor-element elementor-element-2e689d7 e-con-full e-flex e-con e-child\" data-id=\"2e689d7\" data-element_type=\"container\" data-e-type=\"container\">\n\t\t\t\t<div class=\"elementor-element elementor-element-d7e0165 elementor-invisible elementor-widget elementor-widget-heading\" data-id=\"d7e0165\" data-element_type=\"widget\" data-e-type=\"widget\" data-settings=\"{&quot;_animation&quot;:&quot;fadeIn&quot;}\" data-widget_type=\"heading.default\">\n\t\t\t\t<div class=\"elementor-widget-container\">\n\t\t\t\t\t<h2 class=\"elementor-heading-title elementor-size-default\">\u00a1Hola! \ud83d\udc4b <\/h2>\t\t\t\t<\/div>\n\t\t\t\t<\/div>\n\t\t\t\t<div class=\"elementor-element elementor-element-c368907 elementor-widget elementor-widget-text-editor\" data-id=\"c368907\" data-element_type=\"widget\" data-e-type=\"widget\" data-widget_type=\"text-editor.default\">\n\t\t\t\t<div class=\"elementor-widget-container\">\n\t\t\t\t\t\t\t\t\t<p>El contenido del <em>Aula Virtual<\/em> est\u00e1 disponible \u00fanicamente para personas con suscripci\u00f3n activa. Si ya formas parte de nuestra comunidad, por favor, <a href=\"https:\/\/dasyogainstructor.com\/wp-login.php?redirect_to=https:\/\/dasyogainstructor.com\/index.php\/aula-virtual\/\"><strong>inicia sesi\u00f3n<\/strong><\/a> para acceder.<\/p><p>Si a\u00fan no te has suscrito, te invito a ponerte en <a href=\"https:\/\/dasyogainstructor.com\/index.php\/contact-us\/\"><strong>contacto<\/strong><\/a> para disfrutar de un servicio exclusivo.<\/p><p>\u00a1Gracias por tu inter\u00e9s!<\/p>\t\t\t\t\t\t\t\t<\/div>\n\t\t\t\t<\/div>\n\t\t\t\t<\/div>\n\t\t\t\t\t<\/div>\n\t\t\t\t<\/div>\n\t\t<!-- dce invisible element 85bfe02 --><!-- dce invisible element 44c0542 --><!-- dce invisible element 0ebebb7 -->\t\t<\/div>\n\t\t","protected":false},"excerpt":{"rendered":"<p>\u00a1Hola! \ud83d\udc4b El contenido del Aula Virtual est\u00e1 disponible \u00fanicamente para personas con suscripci\u00f3n activa. Si ya formas parte de nuestra comunidad, por favor, inicia sesi\u00f3n para acceder. Si a\u00fan no te has suscrito, te invito a ponerte en contacto para disfrutar de un servicio exclusivo. \u00a1Gracias por tu inter\u00e9s! Clase en Directo \u00a1Hola! Te [&hellip;]<\/p>\n","protected":false},"author":1,"featured_media":0,"parent":0,"menu_order":0,"comment_status":"closed","ping_status":"closed","template":"","meta":{"_joinchat":[],"footnotes":""},"class_list":["post-235","page","type-page","status-publish","hentry"],"_links":{"self":[{"href":"https:\/\/dasyogainstructor.com\/index.php\/wp-json\/wp\/v2\/pages\/235","targetHints":{"allow":["GET"]}}],"collection":[{"href":"https:\/\/dasyogainstructor.com\/index.php\/wp-json\/wp\/v2\/pages"}],"about":[{"href":"https:\/\/dasyogainstructor.com\/index.php\/wp-json\/wp\/v2\/types\/page"}],"author":[{"embeddable":true,"href":"https:\/\/dasyogainstructor.com\/index.php\/wp-json\/wp\/v2\/users\/1"}],"replies":[{"embeddable":true,"href":"https:\/\/dasyogainstructor.com\/index.php\/wp-json\/wp\/v2\/comments?post=235"}],"version-history":[{"count":1527,"href":"https:\/\/dasyogainstructor.com\/index.php\/wp-json\/wp\/v2\/pages\/235\/revisions"}],"predecessor-version":[{"id":4730,"href":"https:\/\/dasyogainstructor.com\/index.php\/wp-json\/wp\/v2\/pages\/235\/revisions\/4730"}],"wp:attachment":[{"href":"https:\/\/dasyogainstructor.com\/index.php\/wp-json\/wp\/v2\/media?parent=235"}],"curies":[{"name":"wp","href":"https:\/\/api.w.org\/{rel}","templated":true}]}}